0?
False
Does 76 divide 10296414?
False
Does 40 divide 1000600?
True
Is 1404752 a multiple of 224?
False
Is 1459845 a multiple of 102?
False
Does 503 divide 195195?
False
Does 87 divide 2708047?
False
Is 377 a factor of 181714?
True
Is 5991541 a multiple of 2173?
False
Is 84 a factor of 25200?
True
Does 40 divide 2991400?
True
Is 5236511 a multiple of 7?
True
Is 6179435 a multiple of 1382?
False
Does 241 divide 518150?
True
Does 85 divide 82246?
False
Is 273 a factor of 732178?
False
Is 2877774 a multiple of 11?
False
Is 564150 a multiple of 5?
True
Does 65 divide 218205?
True
Does 477 divide 143044?
False
Is 1143925 a multiple of 19?
False
Is 4603324 a multiple of 816?
False
Is 662849 a multiple of 17?
False
Does 78 divide 110994?
True
Is 184 a factor of 198352?
True
Is 253 a factor of 97405?
True
Is 20348 even?
True
Does 142 divide 154070?
True
Does 661 divide 593578?
True
Is 38930 a multiple of 85?
True
Does 41 divide 1306605?
False
Is 291720 a multiple of 122?
False
Is 19 a factor of 1999711?
False
Is 316933 a multiple of 109?
False
Does 4 divide 27627?
False
Is 158 a factor of 182174?
True
Is 2615175 a multiple of 15?
True
Does 161 divide 684089?
True
Is 134 a factor of 138437?
False
Is 11 a factor of 1857471?
True
Is 51 a factor of 62713?
False
Does 522 divide 65250?
True
Does 10 divide 345160?
True
Does 56 divide 24248?
True
Is 37 a factor of 41551?
True
Does 63 divide 179816?
False
Is 10 a factor of 512568?
False
Is 11 a factor of 3909235?
True
Is 105 a factor of 118545?
True
Is 13 a factor of 385697?
True
Is 1280196 a multiple of 5?
False
Does 1215 divide 2169990?
True
Does 78 divide 301704?
True
Does 57 divide 529196?
False
Does 9 divide 824489?
False
Does 84 divide 45696?
True
Is 35 a factor of 103495?
True
Is 71971 a multiple of 255?
False
Is 18954 a multiple of 26?
True
Is 3666721 a multiple of 18?
False
Is 101 a factor of 12625?
True
Does 331 divide 5948732?
True
Is 217 a factor of 677299?
False
Is 623 a factor of 4644314?
False
Is 54281 a multiple of 19?
False
Does 852 divide 7370652?
True
Does 34 divide 1206184?
True
Is 13 a factor of 2097244?
False
Does 686 divide 4244968?
True
Does 198 divide 1444985?
False
Is 1148823 a multiple of 13?
True
Is 166936 a multiple of 154?
True
Is 163534 a multiple of 2?
True
Does 40 divide 2876600?
True
Is 133303 a multiple of 3?
False
Does 59 divide 9682350?
False
Is 9 a factor of 1995075?
True
Is 439 a factor of 517224?
False
Is 4 a factor of 658740?
True
Is 120 a factor of 1192080?
True
Is 295 a factor of 20224743?
False
Is 3 a factor of 210074?
False
Is 84 a factor of 320492?
False
Is 103 a factor of 2536992?
False
Is 15587774 a multiple of 48?
False
Is 9825291 a multiple of 84?
False
Is 688562 a multiple of 137?
True
Is 600937 a multiple of 41?
True
Is 138775 a multiple of 10?
False
Is 11007 a multiple of 2?
False
Is 274 a factor of 306027?
False
Is 3732021 a multiple of 35?
False
Is 21 a factor of 220332?
True
Is 15 a factor of 22921840?
False
Does 241 divide 368007?
True
Is 2240204 a multiple of 13?
False
Does 41 divide 2458311?
False
Does 46 divide 1633948?
False
Is 7 a factor of 2716336?
True
Is 11 a factor of 3851823?
False
Does 22 divide 1890944?
True
Is 5791 a multiple of 2?
False
Is 36095 a multiple of 10?
False
Does 280 divide 1468880?
True
Is 747565 a multiple of 217?
True
Does 347 divide 309394?
False
Does 3 divide 968295?
True
Does 22 divide 25572?
False
Does 1056 divide 156692?
False
Does 21 divide 26796?
True
Does 91 divide 1277549?
True
Is 435 a factor of 3508570?
False
Does 718 divide 2286830?
True
Does 43 divide 1085144?
False
Is 30 a factor of 370701?
False
Does 759 divide 705689?
False
Does 26 divide 59352?
False
Is 24 a factor of 183792?
True
Is 13 a factor of 4641319?
False
Does 41 divide 125316?
False
Is 10 a factor of 39130?
True
Is 1553 a factor of 21148754?
True
Does 60 divide 205860?
True
Is 50 a factor of 54459?
False
Is 1103463 a multiple of 36?
False
Is 6 a factor of 8439282?
True
Is 72 a factor of 2968920?
True
Is 519 a factor of 3243994?
False
Is 1024240 a multiple of 70?
True
Is 404920 a multiple of 42?
False
Is 5971364 a multiple of 14?
True
Does 205 divide 2522289?
False
Does 361 divide 15884?
True
Does 81 divide 452142?
True
Does 23 divide 30527?
False
Is 1890422 a multiple of 1697?
False
Is 660 a factor of 2054855?
False
Is 50151 a multiple of 14?
False
Does 37 divide 474034?
False
Does 4 divide 39824?
True
Is 9 a factor of 1791991?
False
Is 12820345 a multiple of 498?
False
Is 17135735 a multiple of 35?
False
Is 13052744 a multiple of 290?
False
Is 17 a factor of 147599?
False
Is 431 a factor of 622844?
False
Does 15 divide 4783419?
False
Is 206708 a multiple of 135?
False
Is 41 a factor of 1853692?
True
Does 138 divide 4527504?
True
Is 2907253 a multiple of 657?
False
Is 893 a factor of 2000717?
False
Does 112 divide 161380?
False
Is 3331314 a multiple of 63?
True
Is 5 a factor of 1350990?
True
Does 78 divide 192246?
False
Does 4 divide 8895?
False
Is 495 a factor of 222255?
True
Is 4276404 a multiple of 99?
True
Does 436 divide 837992?
True
Is 17 a factor of 369595?
False
Is 24 a factor of 527592?
True
Does 11 divide 47196?
False
Is 157 a factor of 1162742?
True
Is 555378 a multiple of 55?
False
Is 12378482 a multiple of 1304?
False
Is 1146008 a multiple of 248?
True
Is 13831629 a multiple of 20?
False
Is 4614280 a multiple of 44?
True
Is 26 a factor of 1759212?
True
Does 499 divide 151696?
True
Is 72 a factor of 13250376?
True
Is 2 a factor of 1054287?
False
Is 476640 a multiple of 120?
True
Does 48 divide 116640?
True
Is 13 a factor of 4409984?
False
Does 8 divide 3903680?
True
Is 2 a factor of 77806?
True
Is 35 a factor of 8179500?
True
Does 130 divide 345410?
True
Is 30 a factor of 54210?
True
Is 154 a factor of 3051450?
False
Is 11211 a multiple of 303?
True
Is 34 a factor of 4011796?
True
Is 67 a factor of 1524945?
False
Is 25559156 a multiple of 32?
False
Is 794375 a multiple of 155?
True
Is 3 a factor of 10880?
False
Is 9732 a multiple of 12?
True
Does 81 divide 13980708?
False
Is 230573 a multiple of 87?
False
Does 52 divide 627380?
True
Is 4 a factor of 69284?
True
Is 6 a factor of 2929224?
True
Is 319124 a multiple of 68?
True
Does 253 divide 199870?
True
Does 89 divide 203721?
True
Is 78710 a multiple of 17?
True
Is 1462534 a multiple of 13?
False
Is 72980 a multiple of 118?
False
Is 485 a factor of 1119100?
False
Is 46 a factor of 748471?
False
Does 9 divide 2721316?
False
Is 6 a factor of 700488?
True
Does 127 divide 18389?
False
Is 29 a factor of 60784?
True
Does 141 divide 125748?
False
Is 109 a factor of 7020?
False
Does 13 divide 15432499?
False
Does 66 divide 2956901?
False
Is 11848071 a multiple of 10?
False
Does 62 divide 323160?
False
Is 19 a factor of 112081?
True
Is 257 a factor of 208941?
True
Is 252486 a multiple of 18?
True
Does 18 divide 648828?
True
Does 612 divide 567691?
False
Is 6634548 a multiple of 81?
True
Is 436475 a multiple of 395?
True
Is 25470990 a multiple of 2610?
True
Does 18 divide 86868?
True
Does 37 divide 26446?
False
Is 1750479 a multiple of 75?
False
Is 1066671 a multiple of 64?
False
Is 293715 a multiple of 61?
True
Does 55 divide 768964?
False
Is 22200 a multiple of 12?
True
Is 225848 a multiple of 218?
True
Is 4 a factor of 23602?
False
Is 760000 a multiple of 13?
False
Does 1550 divide 354950?
True
Does 160 divide 3058240?
True
Does 186 divide 456283?
False
Is 1697568 a multiple of 32?
True
Is 1085039 a multiple of 224?
False
Is 1096121 a multiple of 13?
True
Is 4 a factor of 4941571?
False
Is 1624437 a multiple of 199?
True
Is 15 a factor of 516780?
True
Is 924341 a multiple of 14?
False
Does 12 divide 15950592?
True
Does 25 divide 214775?
True
Is 15854 a multiple of 56?
False
Is 16 a factor of 32288?
True
Does 41 divide 6246965?
True
Does 294 divide 884352?
True
Does 9 divide 146264?
False
Is 9 a factor of 1895910?
False
Is 10 a factor of 3108720?
True
Is 12048136 a multiple of 184?
True
Does 23 divide 14766184?
True
Does 894 divide 5551740?
True
Does 83 divide 82631?
False
Does 65 divide 61831?
False
Is 6963639 a multiple of 119?
False
Does 85 divide 3775360?
True
Is 5 a factor of 110381?
False
Is 799589 a multiple of 501?
False
Is 15 a factor of 170745?
True
Is 127 a factor of 2521204?
True
